21 - (-38)/2 - -29943 a prime number?
False
Let s be 9 - (-1148)/16 - 2/(-8). Is (s - -1)/1*1072/32 composite?
True
Suppose -5*l - 4*v = -13245725, -2*v = 3*l + 16*l - 50333755. Is l composite?
True
Let d(a) = 1031*a**3 + 3*a**2 + 9*a - 19. Let v(c) = 1546*c**3 + 4*c**2 + 14*c - 29. Let h(o) = -8*d(o) + 5*v(o). Is h(-3) prime?
True
Let a = -408 + 931. Let i = 682 + a. Suppose -5*v + 4*v = -i. Is v composite?
True
Let a = 43 - 103. Let z = 60 + a. Suppose 3*d + 2*r + 0*r - 3347 = z, -4*d - 4*r = -4460. Is d prime?
True
Suppose -18*h = -17*h + 3. Let g be (-16)/(h/(15/(-10))). Is (-39)/104 + (-987)/g a composite number?
True
Let z(n) = -39 + 14 + 50 + n. Let x be z(-21). Suppose 0 = -4*m - x*k + 2544, 0 = -5*m + 6*k - 2*k + 3225. Is m composite?
False
Let d = 42110 + -26538. Suppose -d + 4193 = -3*q. Is q a composite number?
False
Suppose -c + 2986 - 1662921 = -4*h, -5*h + 2074906 = 3*c. Is h a prime number?
False
Suppose -41*g = -38*g. Suppose -25*p = -27*p + 4*n + 1614, g = 3*p - 5*n - 2416. Is p prime?
True
Suppose -5*c + 3*d + 68 = -0*d, 5*c - 84 = -d. Let x be 1 + 12/c*4. Suppose 0 = -5*y - 4*i + 14079, 11292 = x*y + 6*i - 10*i. Is y composite?
False
Suppose 0 = 25*b - 18*b - 742. Let t = b + 79. Is t a composite number?
True
Let p = 19 - -461. Let j(v) = 30*v - 259. Let q be j(20). Let m = q + p. Is m a composite number?
False
Let r be (-895338)/(-4)*8/12. Suppose 2*l - 74629 = -3*g, 2*l + 2*l - g = r. Is l prime?
True
Let o be 230/8*(-605 - -9). Let s = -6546 - o. Is s prime?
True
Suppose 8*b = 16, 5*q + 52*b - 50*b = 2967549. Is q prime?
False
Let l(b) be the second derivative of -b**5/20 + 5*b**4/2 - 5*b**3 + 13*b**2 + 43*b. Let w be l(29). Is 664 - 10/6*w a composite number?
True
Let m be 16061 - 4/(10 - 6). Let s = m - -67. Is s prime?
True
Let g(r) be the second derivative of 59*r**3/2 - 15*r**2/2 + 31*r. Let b be g(-12). Let o = b - -3950. Is o a prime number?
True
Suppose 2*y = 3*k - 1006129, -417 = -y - 410. Is k a prime number?
True
Suppose -m = 2*m - 156. Let v = 55 - m. Suppose 4*a + 8 = 0, 2*a - 4*a - 2941 = -v*w. Is w a composite number?
True
Let i = 3360811 + -1396652. Is i a prime number?
True
Is 2 + 192/(-48)*(-1639510)/8 composite?
True
Let f(r) = 114*r**2 - 4*r - 4 + 2 - 3. Let y be f(-4). Is y*(3 + -4)*-1 prime?
False
Let c = 7432 - 969. Is c prime?
False
Let k(w) = 42*w - 1031. Is k(49) a prime number?
False
Suppose -5*q - u - 632 = 0, -7 = 4*u + 1. Suppose 0*z + 1 = z. Let y = z - q. Is y composite?
False
Let w(o) = -730170*o - 391. Is w(-1) composite?
False
Let t(j) = j**3 - 13*j**2 - 106*j + 131. Is t(31) a prime number?
True
Let k(p) = -18*p**3 + 13*p**2 + 5*p - 37. Let g(l) = -26*l**3 + 19*l**2 + 8*l - 56. Let i(n) = -5*g(n) + 8*k(n). Is i(-7) composite?
False
Let b = 270745 + -168376. Is b a composite number?
True
Let u(a) = 1255*a**2 + 5*a + 14. Let l be u(-2). Suppose l = 2*r - 338. Is r a composite number?
True
Let y(h) = 8602*h - 881. Is y(13) a composite number?
True
Suppose 4*u + u + 2416781 = 24*u. Is u a prime number?
False
Suppose -25*l = 14*l - 7444983. Is l composite?
True
Suppose 26794*x - 26823*x = -3799469 + 50842. Is x a prime number?
True
Let l(g) = g**3 - 4*g**2 - 3*g - 10. Let r be l(5). Let w(t) = -t**2 + t + 385. Let f be w(r). Let k = f - -1668. Is k a prime number?
True
Let m(d) = -2*d**3 - 25*d**2 - 65*d + 85. Is m(-23) composite?
False
Suppose -83*t = 59*t - 21621914. Is t a prime number?
True
Suppose -h + 0*h - 2*s = -397, -4*s + 1187 = 3*h. Let m be (-22)/(-8) + 144/(-192). Is h - (-7 - (-6)/m) a composite number?
False
Let c be 15/9*(-2)/(2/(-3)). Suppose -5*p = 2*h - 19, c*h + 0*h - 4 = 2*p. Suppose -231 - 4152 = -p*q. Is q a prime number?
False
Suppose -b = 5*b - 29370. Let f = b + 15966. Is f prime?
False
Let l = 14 - -54. Suppose l = 2*y - 46. Is y a prime number?
False
Let k(z) be the third derivative of 2489*z**4/12 + 145*z**3/6 + 3*z**2 + z. Is k(9) a prime number?
False
Let b be 1*5*(171 - 3). Let v = 966 - 497. Suppose -7*t + v + b = 0. Is t a composite number?
True
Let p be 0/(-2) + (-1399 - 2 - 0). Let q = p + 2711. Suppose -2*o + 7*o + 5*v - q = 0, -2*o - 3*v = -529. Is o composite?
False
Let i = 10750 + 109987. Is i prime?
True
Suppose 0 = -12*a + 11*a + 2718. Suppose -4*p + 5*p - 2*c = 675, 4*p + c - a = 0. Is p a composite number?
True
Let p(u) = -20*u**3 - 20*u**3 - 11*u + 56*u**3 - 17*u**3 - 35*u**2 - 77. Is p(-38) a prime number?
True
Suppose 18 + 0 = -2*w - 4*z, 5*w = -2*z - 69. Let t = 1166 + -1168. Is (9/w)/(t/110) a prime number?
False
Suppose 7500 - 2298 = -9*v. Let r = 608 - v. Is r a composite number?
True
Let h(d) = 9*d**2 - 54*d - 55. Let t be h(-1). Let s(a) = -15 + a**3 - 2 - 10*a**2 + 10*a + a**3. Is s(t) composite?
True
Let b(f) = -88*f + 2. Let l(q) = -q**2 + 8*q + 7. Let h be l(9). Let u be b(h). Suppose -u = -g + 25. Is g prime?
False
Suppose 0 = -2*w + 4, -4*k + w + 76711 - 12341 = 0. Let b = 426 + k. Is b composite?
False
Let h(a) = a**3 - 18*a**2 + 6*a - 36. Is h(19) prime?
True
Suppose -3*m + b + 19 = -8*m, 10 = 2*m - 4*b. Is (-1037736)/(-35) - m/(-5) a composite number?
True
Let m be 8415858/528 - 2/16. Suppose 5*c + 31898 = 2*o, o - m = -90*c + 95*c. Is o a composite number?
False
Suppose 1166 = 141*d - 143*d. Let v = d + 1026. Is v prime?
True
Let p be (-8)/6*(-3 - 15/(-10)). Suppose 5*d + 10959 = 8*w - 6*w, 4*w - p*d - 21894 = 0. Suppose 0 = 2*v - 5*m - 5507, 0 = -0*v - 2*v - 2*m + w. Is v composite?
False
Suppose 4*q - 3*u - 3 = 0, 2*q = -2*q - u + 15. Suppose -12 = -6*r + q*r. Is ((-1)/(r/(-118)))/(11/110) composite?
True
Suppose -4*t + h = -0*h - 17, -3*t = 5*h + 16. Is 28/(-21) - (-2467)/t a composite number?
False
Let t(o) = 24*o**3 - 15*o + 14. Let j = 212 + -207. Is t(j) prime?
True
Suppose 5*v + 6 = 26. Let f be ((-12)/v - -1214) + -3. Suppose -5*j + 5*h + 6080 = 0, f = j + h + 2*h. Is j composite?
True
Let q = -3265 + 4886. Let p = q - -1884. Is p prime?
False
Let j = 274099 - 113373. Is j a composite number?
True
Let r(s) = 19*s + s**2 + 11*s**2 + 2*s**2 - 5*s**2 + 18. Let k be r(-9). Suppose -k = -5*t + 899. Is t a prime number?
False
Let v(h) = 16467*h - 4031. Is v(4) a prime number?
True
Let o be (-1410)/(-210) - (1 - 18/14). Is 386 + 4 + 5/(2 - o) a composite number?
False
Is (-12074)/(-3)*(-54219)/(-1166) a prime number?
False
Suppose -h + 2*r + 6073 = 0, h + 3*r - r - 6081 = 0. Let o = -4146 + h. Is o a composite number?
False
Suppose -60*s + 7025502 = 192*s + 343722. Is s prime?
False
Let j = 142 + -142. Suppose j = -5*w + 14030 + 2885. Is w a composite number?
True
Let f(k) = -7*k**2 + 2*k - 59. Let i be f(-13). Let u = i - -3417. Is u a prime number?
False
Let t = 1348 + -518. Suppose 0 = -x - 5*m + 469, 2*x - t = -2*m + 108. Is x prime?
False
Let z(x) = 2*x**3 + 2*x**2 - x + 49097. Is z(0) a prime number?
False
Let n = 95833 + 40428. Is n prime?
True
Let w(h) = 799*h + 996. Is w(23) composite?
False
Let b be 15635/(-6) - ((-175)/30 + 6). Is 9*3/9 - b composite?
False
Is 996047*3/9 + (-142)/213 a composite number?
True
Suppose 0 = -2*w + 2, -12*b = -11*b + 3*w - 104884. Is b a composite number?
True
Let o = -617 - -634. Suppose -o*y + 16*y + 93 = -4*l, 4*y - 457 = -l. Is y a composite number?
False
Let c(d) = 403*d - 136. Let a be c(4). Let t = a + -827. Is t a prime number?
False
Suppose -7*z + 30 = -5*z + 4*o, 5*z + 2*o - 35 = 0. Suppose -a = -z*a + 2*i + 23110, 2*a - 11543 = 5*i. Is a a composite number?
False
Suppose 2*q - 58 = 3*c + 73, -187 = -3*q - 5*c. Let o = q + 21. Is o a composite number?
True
Is 28/24 - 70836159/(-414) prime?
True
Suppose 0*c + c = -8. Let m(j) = 46 - 162*j - 19 - 4. Is m(c) composite?
False
Suppose 9*s = s - 24. Let n(x) = 272*x**2 - 5*x - 4. Let p be n(s). Suppose -u + p = 5*z, 3*z + z = 5*u + 1944. Is z a composite number?
False
Suppose 48 + 6 = 9*v. Suppose 5*c + v*c - 36773 = 0. Is c a prime number?
True
Let p be 10 - 9 - (-2320 - -2). Suppose 0 = -4*b - 0*b - 20, n - p = -2*b. Is n a composite number?
True
Let h(m) = -m**2 - 13*m - 37. Let w be h(-8). Suppose 1 = 5*j - 7*c + 3*c, -5*c + 8 = w*j. Is 32/(-8) + 968 + j a composite number?
True
Let h = 310 + -161. Suppose 9*n = 10*n - h. Let y = n + -90. Is y a composite number?
False
Let m = 128 - -46. Let b be (-987)/(-282)*(-8)/(-14). Su